 = 2*j**2 - 15*j + 13. Calculate the remainder when 60 is divided by n(8).
18
Calculate the remainder when 4/((-12)/9) - (-85 + 1) is divided by 14.
11
Suppose 3*g = -2*g + x + 12, 0 = -4*g - x + 15. Calculate the remainder when (-2 - 0/2)*-4 is divided by g.
2
Suppose 2*s - 2 - 8 = 0. Calculate the remainder when s is divided by 3.
2
Suppose -s - s + 5*l + 24 = 0, 0 = 2*s + 3*l - 24. What is the remainder when s is divided by 7?
5
Suppose -3*y = -4*v + 2*v - 42, 2*v + 2*y = -52. Let z(j) = -34*j**3 + j**2 + j. Let a be z(-1). Let w = a + v. Calculate the remainder when 18 is divided by w.
8
Let y(i) be the first derivative of i**2/2 + 2*i + 2. Let f = 3 - 1. What is the remainder when y(f) is divided by 3?
1
Let h = 0 + 4. Let p(u) = -2*u + h*u**2 - 2 + 3*u + 0*u**2. Calculate the remainder when p(4) is divided by 17.
15
Let i = -27 - -60. Calculate the remainder when i is divided by 17.
16
Let h(p) = 5*p**2 + 2*p. Calculate the remainder when 62 is divided by h(-2).
14
Let l = 138 - 80. Suppose 0 = -17*o + 22*o - 100. What is the remainder when l is divided by o?
18
What is the remainder when 32 is divided by (-10 + 7)/((-2)/6)?
5
Let w(b) = 2*b - 4. Let h be w(3). Suppose 2*i - 2 = h*f, 0 = 5*i - 4*f - 1 - 3. Suppose i = 4*s - 3*s - 38. Calculate the remainder when s is divided by 13.
12
Calculate the remainder when 27 is divided by 9*(-5)/((-45)/6).
3
Let v(d) = 2*d + 7. Let i be v(-6). Let o(s) = s**2 + 2*s + 1 - 4 + 6. Calculate the remainder when o(i) is divided by 10.
8
Suppose -11*n = -16*n + f + 61, -2*f = -8. Let p be 2 - 4*(1 + -3). Suppose 5*c + 0 = -p, 0 = -r + c + 52. Calculate the remainder when r is divided by n.
11
What is the remainder when 43 - ((-50)/2)/5 is divided by 7?
6
Let x = 37 + -91. Let n be x/8*(-32)/(-12). Let f = -5 - n. Calculate the remainder when 38 is divided by f.
12
Suppose 2*d + 3*d = -5*t + 515, 3*t + 5*d - 311 = 0. Let w = -56 + t. Calculate the remainder when w is divided by 24.
22
Let w(s) = s**2 + 6*s + 8. Let m(o) = -5*o - 2. Let x be m(6). Let g = x - -55. What is the remainder when g is divided by w(-6)?
7
What is the remainder when 8*(9/(-6) - -2) is divided by 2*(2 + (-3)/6)?
1
Calculate the remainder when 8 is divided by (-1 - -4)/(-1) + 9.
2
Suppose -90 = -2*z - 4*z. Calculate the remainder when z is divided by 8.
7
Suppose -f + 12 + 9 = 5*u, 0 = 3*u - 9. What is the remainder when 166 is divided by f?
4
Let x = 19 - -38. Calculate the remainder when x is divided by 15.
12
Let w(g) = g - 4. Let i be w(4). Suppose 0*h - 4*h + 8 = i. Suppose -h*n + 4 = -n. Calculate the remainder when 6 is divided by n.
2
What is the remainder when 35 is divided by (-5 - -1)*(-18)/8?
8
Suppose -6*i = -11*i - 30. Let x = i + 9. Calculate the remainder when 4 is divided by x.
1
Let d(z) be the first derivative of -z**2/2 + 7*z + 2. What is the remainder when 30 is divided by d(-4)?
8
Suppose 12 = -m + 4*m. Suppose -4*g + 4 = -8. Suppose 5*o + 5*k - 66 = 3*k, 50 = 4*o + g*k. Calculate the remainder when o is divided by m.
2
Let l(h) = h**3 - 4*h**2 + h - 2. Let j be l(4). Let x(k) = 2*k**2 + 9*k - j - 3 - k. What is the remainder when x(-6) is divided by 11?
8
Suppose 19 = 2*f - 5. Let r(u) = u**2 + 5*u + 8. Let v be r(-6). Let y = v + -7. Calculate the remainder when f is divided by y.
5
What is the remainder when 1/((-602)/(-1330) + 2/(-5)) is divided by 10?
9
Let q(t) = 17*t**2 - t. Let g be q(1). Let j = -11 + g. Let w = -5 + 9. Calculate the remainder when j is divided by w.
1
Suppose -6*k + 18 = -3*k. Let g = -1 - -13. Calculate the remainder when (k/g)/(2/152) is divided by 13.
12
Let p be 2/3*6/2. Calculate the remainder when 18 + (-1 - (-6)/2) is divided by 27/3 - (-4)/p.
9
Suppose -k = -5, 3*s - 130 = -2*k - 27. Calculate the remainder when s is divided by ((-11)/2)/(1/(-2)).
9
Let s = 125 - 103. What is the remainder when 25 is divided by s?
3
Suppose 12*x - 140 = 592. What is the remainder when x is divided by (-40)/(-3)*36/15?
29
What is the remainder when 51 is divided by 0 + 18/4*4?
15
Let r(v) = v**3 - v**2 - 18. Let z be r(0). Calculate the remainder when 25 is divided by 4/6 - 240/z.
11
What is the remainder when -21*3*(-3)/27 is divided by 3?
1
What is the remainder when 177 is divided by ((-30)/(-4))/((-7)/(-42))?
42
Suppose 5*j - 3*r = 114, -4*j + 6*j + 3*r - 33 = 0. What is the remainder when j is divided by 8?
5
Let i(d) = d**3 + 4*d**2 - 5*d - 2. Calculate the remainder when i(-4) is divided by 10.
8
Suppose 0 = -2*x - 8 - 8. Let v = x - -31. Let c = v + -11. Calculate the remainder when 35 is divided by c.
11
Suppose -2*s = -2*v - 56, 0 = -6*v + 2*v - 16. Suppose -3*u + 140 = -u. What is the remainder when u is divided by s?
22
Let o(c) = -c**2 - 13*c + 16. Let d be o(-14). What is the remainder when d/(-2)*(-8 + -3) is divided by 4?
3
Let y(q) = -4*q - 1. What is the remainder when 35 is divided by y(-5)?
16
Let i(r) = -9*r**3 + 9*r**2 + 11*r - 7. Let y(t) = -4*t**3 + 5*t**2 + 5*t - 4. Let u(n) = -3*i(n) + 7*y(n). What is the remainder when u(8) is divided by 6?
3
Let r(y) = -1 - 3*y + 2*y + 2*y. Let w = -6 - -8. What is the remainder when r(3) is divided by w?
0
Let p(c) = -c + 7. Let j be p(6). Let o be -3 + 3 + (j - -1). Suppose 0 = o*f - 11 + 1. Calculate the remainder when f is divided by 2.
1
Let n(u) = 4*u - 10. Let d be n(7). Let g = 30 - d. Let l = 84 - 50. What is the remainder when l is divided by g?
10
Let i = 54 + -82. Let c = -18 - i. Let s(a) = a**3 - 4*a**2 + a - 3. Calculate the remainder when s(5) is divided by c.
7
Let p(q) = q + 11. What is the remainder when 3 is divided by p(-10)?
0
Let m(j) = 16*j**2 - j. Let i = 6 + -7. Calculate the remainder when 49 is divided by m(i).
15
Suppose -q + 5*r = 4*q - 305, 5*q + r - 281 = 0. Suppose 5*d + q = 2*p, 4*p - 90 = -5*d + 39. What is the remainder when p is divided by (-3)/(-6) + 31/2?
15
Suppose -q + 77 = -3*x, -5*q + 0*x + 366 = 4*x. What is the remainder when q is divided by 7?
4
Suppose 0 = 4*p - 0*p - 2*z + 32, -2 = p + z. Let b(x) = -x + 18. Calculate the remainder when (-2)/3 + (-118)/p is divided by b(11).
5
Suppose j - 5*j = -168. What is the remainder when j is divided by 15?
12
Suppose 5*z - z - 23 = -3*l, 60 = 4*l - 2*z. What is the remainder when 1 + 1/(1/36) is divided by l?
11
Suppose -u = -5, 6 = -3*c + 2*u - 1. Suppose -r + c = m - 8, -5*m + 32 = 4*r. Suppose -39 = -20*t + 101. What is the remainder when r is divided by t?
6
Suppose 50 = 4*u + 2*w, 0*u - 2*u + 16 = 4*w. What is the remainder when 41 is divided by u?
13
Let l(t) = -2*t - 4. What is the remainder when l(-9) is divided by 8?
6
Let i = -114 - -231. What is the remainder when i is divided by 40?
37
Let h(i) = i + 3. Let o be h(0). Suppose -3*a - 15 = o*l, -l - 5*a = -5*l + 25. What is the remainder when 30 + 1/(1 - l) is divided by 16?
15
Suppose 4*c - v = 45 + 9, 3*c + 2*v - 46 = 0. Calculate the remainder when 19 is divided by c.
5
Let f(n) = 4 - 2 + 5 - 3 - n. What is the remainder when 29 is divided by f(-4)?
5
Let q(h) be the third derivative of 0 - 1/60*h**5 - h**2 + 1/24*h**4 + 0*h + 2*h**3. What is the remainder when 22 is divided by q(0)?
10
Let j be (-2)/4 + (-13)/(-2). Suppose -6 = -2*d + j. Calculate the remainder when d - (1 - 3)/(-2) is divided by 2.
1
Let r(y) = 2*y - 2. Let u be r(-4). Let o be -5*(2 - (-68)/u). Let f = 1 + o. Calculate the remainder when f is divided by 13.
12
Suppose 9 = d - 3*x, -4*d - 4*x = -d - 14. Let i = 21 - 17. Calculate the remainder when d is divided by i.
2
Let x(f) = f - 1. Let y be x(6). Let q = 37 + -23. Calculate the remainder when q is divided by ((-16)/(-10))/(1/y).
6
Let h(j) = j**2 + 3*j + 11. Calculate the remainder when 74 is divided by h(-4).
14
Let c(m) = m**2 - 8*m - 8. Let w(p) = 6*p**2 - 40*p - 40. Let q(r) = -11*c(r) + 2*w(r). What is the remainder when 2 is divided by q(-7)?
0
Let d = -1 - -32. Suppose 4*r - 354 = 2*f, 0 = 2*r - 2*f - 198 + 26. What is the remainder when r is divided by d?
29
Suppose -9*x = -10*x + 11. What is the remainder when 20 is divided by x?
9
Let l(u) = 2*u - 7. Let b be 1 + -2 + 4 + 3. What is the remainder when 16 is divided by l(b)?
1
Let v(j) = 5*j - 8. Let m(r) = 3*r - 5. Let p(t) = 8*m(t) - 5*v(t). Calculate the remainder when 43 is divided by p(-11)